*2 - 46*g + 16. Determine a(-10).
-224
Let l(r) = -7*r**2 + 1076*r + 386. Determine l(154).
78
Let q(o) = 3*o**3 - 123*o**2 + 127*o - 251. What is q(40)?
29
Let a(o) = -4*o**2 - 44*o - 24. Determine a(-10).
16
Let s(f) = 4*f**3 - 70*f**2 + 36*f - 38. Give s(17).
-4
Let r(x) = 3*x + 65. Calculate r(4).
77
Let h(l) = 1412*l - 4186. What is h(3)?
50
Let b(n) = n**3 + 19*n**2 - 70*n - 8. What is b(-22)?
80
Let u(l) = -3*l**2 - 102*l - 575. What is u(-6)?
-71
Let d(f) = f**2 + 24*f + 485. Give d(-24).
485
Let s(u) = 402*u - 3610. What is s(9)?
8
Let x(r) = -9*r**2 + 19*r - 41. Calculate x(3).
-65
Let j(z) = 25*z**2 - 351*z - 693. Determine j(-2).
109
Let p(z) = z**3 + 70*z**2 - 67*z + 302. What is p(-71)?
18
Let j(m) = 72*m + 285. What is j(-4)?
-3
Let l(v) = -7*v**2 - 4. Calculate l(2).
-32
Let r(m) = -3*m**2 - 34*m + 11. Give r(-14).
-101
Let r(b) = -34*b**3 + 57*b**2 + 28*b - 11. Give r(2).
1
Let g(w) = -4*w**3 - 8*w**2 + 12*w - 26. What is g(5)?
-666
Let r(j) = -3*j**2 + 57*j - 323. Determine r(13).
-89
Let h(k) = -2*k - 640. What is h(-13)?
-614
Let u(a) = -10*a**3 - 2*a**2 - a + 9. Determine u(-3).
264
Let s(x) = 9*x**3 - 4*x**2 - 2*x - 9. Give s(3).
192
Let k(r) = -272*r + 9127. What is k(34)?
-121
Let x(t) = -2*t**3 + 10*t**2 - 37. What is x(3)?
-1
Let c(s) = -3*s**3 - 38*s**2 + 90*s - 195. What is c(-15)?
30
Let t(d) = d**3 + 25*d**2 - 22*d - 2686. Determine t(-18).
-22
Let t(l) = -9*l**3 - 8*l**2 + 6*l + 1. Determine t(1).
-10
Let s(v) = -6*v - 24. Calculate s(25).
-174
Let b(o) = -o**2 - 89*o + 884. Calculate b(9).
2
Let a(j) = j - 45. Determine a(-12).
-57
Let i(v) = v**3 + 10*v**2 + 36*v + 260. What is i(-11)?
-257
Let d(t) = -23*t**2 + 344*t + 92. Give d(15).
77
Let w(v) = -133*v + 138. What is w(1)?
5
Let y(w) = 148*w**2 + 567*w - 568. What is y(1)?
147
Let a(g) = -45*g + 49. Calculate a(1).
4
Let g(r) = -14*r + 1087. Calculate g(76).
23
Let y(m) = m + 22. Give y(-10).
12
Let t(x) = -2*x**3 - 93*x**2 + 407*x. What is t(4)?
12
Let n(j) = j**2 + 15*j - 277. What is n(-31)?
219
Let g(u) = -349*u + 1098. What is g(3)?
51
Let i(m) = -m**2 + 9*m + 54. Calculate i(-13).
-232
Let i(k) = -2*k**2 + 106*k + 398. Calculate i(54).
290
Let p(b) = -140*b - 556. What is p(-6)?
284
Let b(v) = 23*v - 32. Calculate b(6).
106
Let d(z) = z**3 + 21*z**2 - 79*z - 125. Calculate d(-24).
43
Let d(x) = 724*x + 5705. Calculate d(-8).
-87
Let g(m) = m**2 + 13*m - 1940. What is g(-51)?
-2
Let y(q) = -10*q**2 - 35*q - 78. Determine y(-10).
-728
Let s(o) = 42*o - 234. What is s(6)?
18
Let z(a) = -76*a - 68. Calculate z(1).
-144
Let n(h) = -46*h**2 + 8*h - 3. Give n(2).
-171
Let y(z) = z**2 - 126*z + 248. Determine y(2).
0
Let r(k) = -78*k - 12. Determine r(0).
-12
Let y(z) = -z**2 - 59*z + 178. What is y(-62)?
-8
Let o(x) = 145*x**2 - 633*x + 208. Calculate o(4).
-4
Let p(d) = -d**3 + 5*d**2 - 16*d - 100. Determine p(7).
-310
Let n(g) = 2*g**3 + 82*g**2 + 77*g - 114. Calculate n(-40).
6
Let j(f) = -f**3 + 80*f**2 + 97*f - 1306. What is j(81)?
-10
Let v(q) = 33*q**2 - 7*q + 12. Give v(3).
288
Let j(p) = -p**3 + 6*p**2 + 5*p + 5. Calculate j(-3).
71
Let i(v) = -50*v - 998. Calculate i(-20).
2
Let l(c) = 183*c + 2927. Give l(-16).
-1
Let t(z) = 20*z**2 + 1196*z - 238. Determine t(-60).
2
Let u(d) = -41*d**2 + 77*d + 8. Calculate u(2).
-2
Let s(l) = 476*l + 10930. Give s(-23).
-18
Let j(v) = 3*v**2 + 23*v - 907. What is j(14)?
3
Let g(w) = -w**3 - 3*w**2 + 14*w + 29. What is g(-5)?
9
Let b(l) = 5*l**3 + 3*l**2 - 14*l + 8. Determine b(2).
32
Let m(w) = -w**3 + 15*w**2 - 38*w - 99. Calculate m(11).
-33
Let r(c) = -97*c - 465. Calculate r(-4).
-77
Let o(l) = 5*l**3 - 85*l**2 + 7*l - 15. What is o(17)?
104
Let y(n) = -n**3 - 39*n**2 - 356*n + 59. Give y(-15).
-1
Let m(o) = -692*o + 2773. Calculate m(4).
5
Let v(h) = -h**2 - 110*h - 2063. Give v(-24).
1
Let b(k) = 2*k**2 - 19*k + 10. Determine b(3).
-29
Let x(r) = 3*r**2 + 75*r + 218. Calculate x(-28).
470
Let u(p) = -3*p**3 - 26*p**2 + 400*p - 5. What is u(8)?
-5
Let n(h) = 20*h**2 + 821*h + 32. What is n(-41)?
-9
Let x(f) = f**3 + 14*f**2 + 11*f + 393. What is x(-15)?
3
Let c(s) = s**3 + 11*s**2 - 84*s - 933. Calculate c(-10).
7
Let j(c) = c**3 + 17*c**2 + 47*c + 480. Give j(-16).
-16
Let y(u) = -34*u + 731. Give y(21).
17
Let g(q) = -989*q - 4920. Determine g(-5).
25
Let n(j) = -j**2 - 448*j + 905. What is n(2)?
5
Let g(z) = 76*z + 294. Give g(-4).
-10
Let k(s) = -s**3 - 37*s**2 + 49*s - 1121. What is k(-39)?
10
Let d(o) = o**3 - 8*o**2 - 13*o + 65. Calculate d(7).
-75
Let v(n) = n**3 - 7*n**2 + 90*n - 857. Give v(8).
-73
Let z(q) = -16*q + 72. What is z(-13)?
280
Let o(g) = 5*g - 127. Determine o(41).
78
Let b(a) = a**2 + 205*a + 35. Give b(0).
35
Let r(i) = -2*i**3 - 84*i**2 + 5*i + 219. Give r(-42).
9
Let n(b) = 27*b**2 - 52*b + 5. Calculate n(-3).
404
Let d(s) = -527*s + 1581. What is d(3)?
0
Let x(b) = b + 82. Determine x(-12).
70
Let x(h) = -3752*h - 210115. What is x(-56)?
-3
Let x(p) = 811*p - 2514. Determine x(3).
-81
Let h(i) = 12215*i + 48856. What is h(-4)?
-4
Let d(x) = x - 55. Give d(-16).
-71
Let w(p) = 25*p**2 + 526*p. Calculate w(-21).
-21
Let f(t) = 4*t**2 + 89*t + 169. Give f(-21).
64
Let o(j) = -7*j - 234. Give o(16).
-346
Let v(s) = -s**3 - 60*s**2 + 262*s - 17. Calculate v(4).
7
Let x(g) = -34*g**2 + 167*g + 23. Calculate x(5).
8
Let a(w) = -w**2 - w + 20. Calculate a(0).
20
Let t(r) = 25*r + 108. Calculate t(-4).
8
Let x(t) = -t**2 - 21*t - 80. What is x(-5)?
0
Let y(t) = -t**3 - 150*t**2 - 1271*t - 288. Determine y(-141).
-6
Let r(u) = -u**2 - 211*u - 2751. Determine r(-14).
7
Let f(d) = -5*d - 266. Calculate f(-46).
-36
Let z(o) = -933*o + 2787. Give z(3).
-12
Let q(a) = 1232*a + 18474. Calculate q(-15).
-6
Let i(j) = -92*j - 2256. Give i(-24).
-48
Let s(v) = -4*v**3 + 4*v**2 - 14*v + 58. Determine s(3).
-56
Let x(j) = 10*j**3 + 109*j**2 + 63. Give x(-11).
-58
Let m(d) = -2*d**2 + 54*d + 55. Determine m(28).
-1
Let o(q) = q**3 + 208*q**2 - 514*q - 63742. Give o(-209).
3
Let r(k) = 191*k**2 - 46*k + 40. Determine r(1).
185
Let z(p) = 52*p + 21. What is z(3)?
177
Let s(z) = 7*z**2 - 134*z + 451. What is s(15)?
16
Let l(t) = 3*t**3 - 5*t**2 + 4*t + 1. Determine l(4).
129
Let t(k) = -12*k**2 + 9*k - 1. Calculate t(3).
-82
Let r(p) = p**2 + 6*p + 48. Calculate r(14).
328
Let f(m) = -3*m**3 + 16*m**2 - 8*m - 14. Calculate f(5).
-29
Let h(u) = -50*u - 5326. What is h(-105)?
-76
Let h(a) = a**2 + 84*a + 467. What is h(-6)?
-1
Let d(s) = -s**3 - 26*s**2 + 498*s + 25. Give d(13).
-92
Let l(f) = -69*f - 4506. What is l(-65)?
-21
Let x(f) = -f**3 + 59*f**2 + 767*f + 213. Give x(70).
3
Let d(k) = 2*k**3 + 8*k**2 + 7*k - 1. Give d(-5).
-86
Let l(t) = 13*t**3 - 2*t**2 + t + 1. Determine l(-1).
-15
Let u(j) = -2*j**2 + 123*j - 183. Give u(60).
-3
Let g(i) = -i**2 - 50*i + 216. What is g(-55)?
-59
Let d(m) = -2*m**3 + 193*m**2 - 95*m + 129. What is d(96)?
225
Let p(z) = z**3 - 21*z**2 + 39*z - 15. What is p(6)?
-321
Let d(p) = -p**3 - 8*p**2 - p + 527. Give d(6).
17
Let w(f) = -11*f - 199. Determine w(-17).
-12
Let o(s) = -2*s**2 - 12*s - 12. Determine o(5).
-122
Let s(k) = -3*k**3 + 12*k**2 + 60*k + 30. What is s(7)?
9
Let t(y) = -11*y**2 + 466*y - 157. Determine t(42).
11
Let s(r) = r**3 + 20*r**2 + 70*r. Determine s(-5).
25
Let d(l) = 280*l - 12021. What is d(43)?
19
Let u(y) = -7*y**3 - 6*y**2 - 24*y - 33. What is u(-2)?
47
Let p(c) = -1755*c - 12292. Give p(-7).
-7
Let c(p) = -p**3 - 12*p**2 - 11*p - 25. Determine c(-12).
107
Let q(m) = 9*m - 66. Calculate q(12).
42
Let x(a) = 5*a**2 + 64*a - 129. What is x(2)?
19
Let s(x) = -160*x + 5307. Calculate s(33).
27
Let o(u) = -43*u + 166. Give o(13).
-393
Let q(t) = 2*t**3 + 153*t**2 + 89*t - 404. Give q(-76).
-1392
Let u(l) = 73*l - 2758. What is u(36)?
-130
Let t(d) = -d**3 + 2*d**2 + 14*d - 8. Determine t(8).
-280
Let a(q) = -q**2 - 23*q + 67. Give a(-26).
-11
Let s(d) = -2*d**2 - 291*d + 9313. What is s(27)?
-2
Let t(m) = -2*m**2 + 182*m + 1362. Calculate t(98).
-10
Let s(m) = 2*m**2 + 19*m - 34. What is s(-11)?
-1
Let b(v) = -2*v**3 - 26*v**2 + 138*v - 6. What is b(4)?
2
Let a(z) = -2*z**3 - 32*z**2 - 99*z - 37. Give a(-12).
-1
Let l(c) = -2*c**3 - 13*c**2 + 15*c + 14. Calculate l(-7).
-42
Let q(h) = h**2 - 375*h + 34457. Give q(214).
3
Let m(v) = 705*v